{"id":40889,"date":"2022-09-05T16:16:28","date_gmt":"2022-09-05T14:16:28","guid":{"rendered":"https:\/\/prodboc.fr\/site36\/?page_id=40889"},"modified":"2023-01-03T17:39:50","modified_gmt":"2023-01-03T16:39:50","slug":"politique-de-confidentialite","status":"publish","type":"page","link":"https:\/\/prodboc.fr\/site36\/politique-de-confidentialite\/","title":{"rendered":"Politique de confidentialit\u00e9"},"content":{"rendered":"<p>[et_pb_section fb_built=\u00a0\u00bb1&Prime; custom_padding_last_edited=\u00a0\u00bbon|phone\u00a0\u00bb _builder_version=\u00a0\u00bb4.14.7&Prime; _module_preset=\u00a0\u00bbdefault\u00a0\u00bb background_color=\u00a0\u00bbgcid-96f64fd3-477a-4d0a-966b-d466b90a8e44&Prime; background_color_gradient_start=\u00a0\u00bbrgba(27,18,61,0.5)\u00a0\u00bb background_color_gradient_end=\u00a0\u00bbrgba(27,18,61,0.5)\u00a0\u00bb background_enable_image=\u00a0\u00bboff\u00a0\u00bb background_position=\u00a0\u00bbtop_center\u00a0\u00bb custom_padding=\u00a0\u00bb0px||3px||false|false\u00a0\u00bb custom_padding_tablet=\u00a0\u00bb30px||30px||false|false\u00a0\u00bb custom_padding_phone=\u00a0\u00bb50px||50px||false|false\u00a0\u00bb global_colors_info=\u00a0\u00bb{%22gcid-96f64fd3-477a-4d0a-966b-d466b90a8e44%22:%91%22background_color%22%93}\u00a0\u00bb][et_pb_row use_custom_gutter=\u00a0\u00bbon\u00a0\u00bb gutter_width=\u00a0\u00bb2&Prime; make_equal=\u00a0\u00bbon\u00a0\u00bb custom_padding_last_edited=\u00a0\u00bbon|phone\u00a0\u00bb _builder_version=\u00a0\u00bb4.14.2&Prime; _module_preset=\u00a0\u00bbdefault\u00a0\u00bb width=\u00a0\u00bb90%\u00a0\u00bb width_tablet=\u00a0\u00bb90%\u00a0\u00bb width_phone=\u00a0\u00bb90%\u00a0\u00bb width_last_edited=\u00a0\u00bbon|tablet\u00a0\u00bb max_width=\u00a0\u00bb1200px\u00a0\u00bb max_width_tablet=\u00a0\u00bb90%\u00a0\u00bb max_width_phone=\u00a0\u00bb90%\u00a0\u00bb max_width_last_edited=\u00a0\u00bbon|desktop\u00a0\u00bb custom_padding=\u00a0\u00bb10.6vh||10.6vh||true|false\u00a0\u00bb custom_padding_tablet=\u00a0\u00bb0vh||10px||false|false\u00a0\u00bb custom_padding_phone=\u00a0\u00bb0vh||0vh||true|false\u00a0\u00bb animation_style=\u00a0\u00bbslide\u00a0\u00bb animation_direction=\u00a0\u00bbtop\u00a0\u00bb animation_duration=\u00a0\u00bb750ms\u00a0\u00bb animation_speed_curve=\u00a0\u00bbease\u00a0\u00bb global_colors_info=\u00a0\u00bb{}\u00a0\u00bb][et_pb_column type=\u00a0\u00bb4_4&Prime; _builder_version=\u00a0\u00bb4.14.2&Prime; _module_preset=\u00a0\u00bbdefault\u00a0\u00bb global_colors_info=\u00a0\u00bb{}\u00a0\u00bb][et_pb_text _builder_version=\u00a0\u00bb4.14.7&Prime; _module_preset=\u00a0\u00bbdefault\u00a0\u00bb header_font=\u00a0\u00bbJost||||||||\u00a0\u00bb header_text_align=\u00a0\u00bbleft\u00a0\u00bb header_text_color=\u00a0\u00bb#FFFFFF\u00a0\u00bb header_font_size=\u00a0\u00bb75px\u00a0\u00bb header_line_height=\u00a0\u00bb1.2em\u00a0\u00bb custom_padding=\u00a0\u00bb|150px||150px|false|true\u00a0\u00bb header_font_size_tablet=\u00a0\u00bb50px\u00a0\u00bb header_font_size_phone=\u00a0\u00bb25px\u00a0\u00bb header_font_size_last_edited=\u00a0\u00bbon|phone\u00a0\u00bb global_colors_info=\u00a0\u00bb{}\u00a0\u00bb]<\/p>\n<h1 style=\"text-align: center;\">Politique de confidentialit\u00e9<\/h1>\n<p>[\/et_pb_text][\/et_pb_column][\/et_pb_row][\/et_pb_section][et_pb_section fb_built=\u00a0\u00bb1&Prime; _builder_version=\u00a0\u00bb4.14.7&Prime; _module_preset=\u00a0\u00bbdefault\u00a0\u00bb custom_margin=\u00a0\u00bb0px||0px||true|false\u00a0\u00bb custom_padding=\u00a0\u00bb42px||42px||true|false\u00a0\u00bb global_colors_info=\u00a0\u00bb{}\u00a0\u00bb][et_pb_row _builder_version=\u00a0\u00bb4.14.7&Prime; _module_preset=\u00a0\u00bbdefault\u00a0\u00bb global_colors_info=\u00a0\u00bb{}\u00a0\u00bb][et_pb_column type=\u00a0\u00bb4_4&Prime; _builder_version=\u00a0\u00bb4.14.7&Prime; _module_preset=\u00a0\u00bbdefault\u00a0\u00bb global_colors_info=\u00a0\u00bb{}\u00a0\u00bb][et_pb_text _builder_version=\u00a0\u00bb4.14.7&Prime; _module_preset=\u00a0\u00bbdefault\u00a0\u00bb text_font=\u00a0\u00bbPoppins||||||||\u00a0\u00bb text_text_color=\u00a0\u00bb#000000&Prime; link_font=\u00a0\u00bbPoppins||||||||\u00a0\u00bb link_text_color=\u00a0\u00bbgcid-6b801917-549c-40a4-868c-e090799aa039&Prime; global_colors_info=\u00a0\u00bb{%22gcid-6b801917-549c-40a4-868c-e090799aa039%22:%91%22link_text_color%22%93}\u00a0\u00bb]<\/p>\n<p><strong>1. Politique de protection des donn\u00e9es personnelles et de gestion des cookies<\/strong><\/p>\n<p>La pr\u00e9sente politique de protection des donn\u00e9es personnelles s\u2019applique au site web et explique comment vos donn\u00e9es sont collect\u00e9es, utilis\u00e9es et quels sont vos droits s\u2019agissant du traitement de vos donn\u00e9es.<br \/><span>Break-Out Company <\/span>est Responsable des traitements des donn\u00e9es personnelles de communication externe, au sens du R\u00e8glement (UE) 2016\/679 du 27 avril 2016.<br \/>Ce traitement est r\u00e9f\u00e9renc\u00e9\u00a0 dans un registre maintenu par le d\u00e9l\u00e9gu\u00e9 \u00e0 la protection des donn\u00e9es d\u00e9sign\u00e9 par le Responsable de traitement et repose sur l\u2019int\u00e9r\u00eat l\u00e9gitime poursuivi par ce dernier, \u00e0 savoir pr\u00e9senter et expliquer les activit\u00e9s qu\u2019il met en \u0153uvre.<\/p>\n<p><strong>1.1.\u00a0\u00a0 \u00a0Les d\u00e9finitions<\/strong><\/p>\n<p><u>Donn\u00e9es personnelles :<\/u><span>\u00a0<\/span>il s\u2019agit de toute information relative \u00e0 une personne identifi\u00e9e ou identifiable directement ou indirectement.<br \/><u>Traitement de donn\u00e9es personnelles :<\/u><span>\u00a0<\/span>il s\u2019agit de toute op\u00e9ration portant sur des donn\u00e9es personnelles (collecte, enregistrement, extraction, modification etc.)<br \/><u>Personnes concern\u00e9es :<\/u><span>\u00a0<\/span>toute personne physique dont les donn\u00e9es personnelles font l\u2019objet du traitement. Dans ce qui suit, les personnes concern\u00e9es peuvent \u00eatre d\u00e9sign\u00e9es par le terme \u00ab Vous \u00bb ou \u00ab Vos \u00bb.<br \/><u>Responsable de traitement :<\/u><span>\u00a0<\/span>il s\u2019agit de la personne physique ou morale qui d\u00e9termine la finalit\u00e9 et les moyens du traitement.<br \/><u>D\u00e9l\u00e9gu\u00e9 \u00e0 la protection des donn\u00e9es :<\/u><span>\u00a0<\/span>il s\u2019agit de la personne d\u00e9sign\u00e9e par le responsable de traitement charg\u00e9e d\u2019informer et conseiller l\u2019organisme ainsi que les employ\u00e9s, de contr\u00f4ler le respect du r\u00e8glement, d\u2019\u00eatre contact\u00e9 par les personnes concern\u00e9es pour des questions relatives \u00e0 leurs droits, de coop\u00e9rer avec la CNIL et d\u2019\u00eatre son point de contact.<br \/><u>Autorit\u00e9 de contr\u00f4le :<\/u><span>\u00a0<\/span>il s\u2019agit d\u2019une autorit\u00e9 publique ind\u00e9pendante qui est institu\u00e9e par un \u00c9tat membre et qui est charg\u00e9e de surveiller l\u2019application des lois applicables en mati\u00e8re de protection des Donn\u00e9es personnelles (le R\u00e8glement (UE) 2016\/679 du Parlement europ\u00e9en et du Conseil du 27 avril 2016 (R\u00e8glement g\u00e9n\u00e9ral sur la protection des Donn\u00e9es personnelles) ; les textes adopt\u00e9s par l\u2019Union Europ\u00e9enne et la l\u00e9gislation fran\u00e7aise pouvant s\u2019appliquer \u00e0 la protection des Donn\u00e9es personnelles trait\u00e9es dans le cadre du pr\u00e9sent Contrat.<\/p>\n<p><strong>1.2.\u00a0\u00a0 \u00a0Les finalit\u00e9s du traitement<\/strong><br \/>Nous traitons vos donn\u00e9es pour\u00a0 vous fournir les fonctionnalit\u00e9s du site attendues. Vous pourrez ainsi naviguer sur notre site pour connaitre les activit\u00e9s, services que nous d\u00e9veloppons et les outils que nous vous proposons.<br \/>Certaines informations collect\u00e9es peuvent nous permettre de comprendre, d\u2019am\u00e9liorer et ainsi d\u00e9velopper notre site en fonction de vos besoins.<\/p>\n<p><strong>1.3.\u00a0\u00a0 \u00a0Les donn\u00e9es collect\u00e9es et dur\u00e9es de conservation associ\u00e9es<\/strong><br \/>Nous collectons les donn\u00e9es personnelles que vous nous communiquez en remplissant des formulaires, en souscrivant \u00e0 des services en ligne ou en nous adressant des correspondances.<br \/>Les donn\u00e9es personnelles vous concernant sont conserv\u00e9es pour la dur\u00e9e n\u00e9cessaire \u00e0 la r\u00e9alisation de la finalit\u00e9 poursuivie par le traitement.<br \/>Lors de l\u2019ouverture et de la navigation sur notre site internet, un outil de tra\u00e7age g\u00e9n\u00e8re et d\u00e9pose un ou plusieurs cookie(s) sur votre terminal.<\/p>\n<p>Fonctionnalit\u00e9s des cookies utilis\u00e9s sur notre site<br \/><strong>Cookies non persistants<\/strong><br \/>Les cookies g\u00e9n\u00e9r\u00e9s sont temporaires. Certains peuvent persister sur votre terminal jusqu\u2019\u00e0 quelques heures apr\u00e8s la fermeture du navigateur. L\u2019objectif n\u2019est pas de reconna\u00eetre votre appareil lors de vos consultations ult\u00e9rieures.<\/p>\n<p>Ces cookies sont strictement indispensables pour vous permettre de naviguer sur le site et pour vous fournir certaines fonctionnalit\u00e9s que vous avez demand\u00e9es. Sans ces cookies, le site web ne pourrait fonctionner correctement et les services que vous demandez, tels que l\u2019acc\u00e8s \u00e0 des pages restreintes, ne pourraient vous \u00eatre propos\u00e9s.<\/p>\n<p><strong>Cookies persistants<\/strong><br \/>Ces cookies peuvent collecter notamment l\u2019identifiant de votre terminal, la localisation, les pr\u00e9f\u00e9rences (langue, pages consult\u00e9es, etc.)<br \/>Les donn\u00e9es collect\u00e9es sont conserv\u00e9es maximum 13 mois.<\/p>\n<p><strong>Cookies de mesure d\u2019audience<\/strong><br \/>Ils permettent de comprendre l\u2019utilisation et la fr\u00e9quentation g\u00e9n\u00e9rale du site de fa\u00e7on \u00e0 l\u2019am\u00e9liorer.<\/p>\n<p><strong>G\u00e9rer les cookies<\/strong><\/p>\n<p>Vous pouvez exprimer vos pr\u00e9f\u00e9rences en mati\u00e8re de cookies directement aupr\u00e8s du site en vous rendant sur le gestionnaire des cookies.<\/p>\n<p>Dans les pr\u00e9f\u00e9rences de votre navigateur ou de votre appareil mobile, vous pouvez \u00e0 tout moment d\u00e9sactiver certains cookies. La m\u00e9thode de d\u00e9sactivation des cookies peut varier en fonction de l\u2019appareil et du navigateur, mais elle se trouve habituellement dans les rubriques Pr\u00e9f\u00e9rences ou Param\u00e8tres de s\u00e9curit\u00e9. Elle sera d\u00e9crite dans le menu d\u2019aide de votre navigateur.<\/p>\n<p><strong>1.4.\u00a0\u00a0 \u00a0Les destinataires de vos donn\u00e9es<\/strong><br \/>Pour la r\u00e9alisation de la ou des finalit\u00e9s pr\u00e9cit\u00e9s, vos donn\u00e9es sont susceptibles d\u2019\u00eatre transf\u00e9r\u00e9es :<br \/>\u2013\u00a0\u00a0 \u00a0\u00c0 toutes entit\u00e9s de <span>Break-Out Company<\/span> pour la r\u00e9alisation d\u2019un service propos\u00e9<br \/>\u2013\u00a0\u00a0 \u00a0\u00c0 nos sous-traitants pour les seuls besoins de la sous-traitance<\/p>\n<p><strong>1.5.\u00a0\u00a0 \u00a0La s\u00e9curit\u00e9 des donn\u00e9es<\/strong><br \/>Le responsable de traitement a pris des mesures techniques, organisationnelles afin de vous garantir un niveau de s\u00e9curit\u00e9 ad\u00e9quat lorsque vous utilisez nos services.<\/p>\n<p>Les prestataires auxquels nous faisons appel s\u2019engagent \u00e9galement \u00e0 garantir la confidentialit\u00e9 et la s\u00e9curit\u00e9 des informations transmises.<\/p>\n<p><strong>1.6.\u00a0\u00a0 \u00a0Vos droits<\/strong><\/p>\n<p><u>D\u00e9signation du d\u00e9l\u00e9gu\u00e9 et droit des personnes concern\u00e9es<\/u><br \/>En vertu de la loi n\u00b078-17du 6 janvier 1978 modifi\u00e9e et du R\u00e8glement (UE) 2016\/679 du 27 avril 2016, vous disposez d\u2019un droit d\u2019acc\u00e8s, de limitation, de rectification, d\u2019opposition ou d\u2019effacement concernant vos donn\u00e9es. Si vous voulez exercer ce droit il vous suffit d\u2019\u00e9crire au D\u00e9l\u00e9gu\u00e9 \u00e0 la protection des donn\u00e9es d\u00e9sign\u00e9 par Ma\u00eetre Th\u00e9r\u00e8se Hamonou : <span>&#8230;&#8230;&#8230;&#8230;..<\/span> Si vous estimez que vos droits ne sont pas respect\u00e9s, vous pouvez introduire une r\u00e9clamation aupr\u00e8s d\u2019une autorit\u00e9 de contr\u00f4le.<\/p>\n<p>[\/et_pb_text][\/et_pb_column][\/et_pb_row][\/et_pb_section]<\/p>\n","protected":false},"excerpt":{"rendered":"<p>Politique de confidentialit\u00e91. Politique de protection des donn\u00e9es personnelles et de gestion des cookies La pr\u00e9sente politique de protection des donn\u00e9es personnelles s\u2019applique au site web et explique comment vos donn\u00e9es sont collect\u00e9es, utilis\u00e9es et quels sont vos droits s\u2019agissant du traitement de vos donn\u00e9es.Break-Out Company est Responsable des traitements des donn\u00e9es personnelles de communication [&hellip;]<\/p>\n","protected":false},"author":1,"featured_media":0,"parent":0,"menu_order":0,"comment_status":"closed","ping_status":"closed","template":"","meta":{"_et_pb_use_builder":"on","_et_pb_old_content":"","_et_gb_content_width":"","footnotes":""},"dipi_cpt_category":[],"class_list":["post-40889","page","type-page","status-publish","hentry"],"yoast_head":"<!-- This site is optimized with the Yoast SEO plugin v20.8 - https:\/\/yoast.com\/wordpress\/plugins\/seo\/ -->\n<title>Politique de confidentialit\u00e9 - Ma\u00eetre Th\u00e9r\u00e8se Hamonou<\/title>\n<meta name=\"robots\" content=\"index, follow, max-snippet:-1, max-image-preview:large, max-video-preview:-1\" \/>\n<link rel=\"canonical\" href=\"https:\/\/prodboc.fr\/site36\/politique-de-confidentialite\/\" \/>\n<meta property=\"og:locale\" content=\"fr_FR\" \/>\n<meta property=\"og:type\" content=\"article\" \/>\n<meta property=\"og:title\" content=\"Politique de confidentialit\u00e9 - Ma\u00eetre Th\u00e9r\u00e8se Hamonou\" \/>\n<meta property=\"og:description\" content=\"Politique de confidentialit\u00e91. Politique de protection des donn\u00e9es personnelles et de gestion des cookies La pr\u00e9sente politique de protection des donn\u00e9es personnelles s\u2019applique au site web et explique comment vos donn\u00e9es sont collect\u00e9es, utilis\u00e9es et quels sont vos droits s\u2019agissant du traitement de vos donn\u00e9es.Break-Out Company est Responsable des traitements des donn\u00e9es personnelles de communication [&hellip;]\" \/>\n<meta property=\"og:url\" content=\"https:\/\/prodboc.fr\/site36\/politique-de-confidentialite\/\" \/>\n<meta property=\"og:site_name\" content=\"Ma\u00eetre Th\u00e9r\u00e8se Hamonou\" \/>\n<meta property=\"article:modified_time\" content=\"2023-01-03T16:39:50+00:00\" \/>\n<meta name=\"twitter:card\" content=\"summary_large_image\" \/>\n<meta name=\"twitter:label1\" content=\"Dur\u00e9e de lecture estim\u00e9e\" \/>\n\t<meta name=\"twitter:data1\" content=\"7 minutes\" \/>\n<script type=\"application\/ld+json\" class=\"yoast-schema-graph\">{\"@context\":\"https:\/\/schema.org\",\"@graph\":[{\"@type\":\"WebPage\",\"@id\":\"https:\/\/prodboc.fr\/site36\/politique-de-confidentialite\/\",\"url\":\"https:\/\/prodboc.fr\/site36\/politique-de-confidentialite\/\",\"name\":\"Politique de confidentialit\u00e9 - Ma\u00eetre Th\u00e9r\u00e8se Hamonou\",\"isPartOf\":{\"@id\":\"https:\/\/prodboc.fr\/site36\/#website\"},\"datePublished\":\"2022-09-05T14:16:28+00:00\",\"dateModified\":\"2023-01-03T16:39:50+00:00\",\"breadcrumb\":{\"@id\":\"https:\/\/prodboc.fr\/site36\/politique-de-confidentialite\/#breadcrumb\"},\"inLanguage\":\"fr-FR\",\"potentialAction\":[{\"@type\":\"ReadAction\",\"target\":[\"https:\/\/prodboc.fr\/site36\/politique-de-confidentialite\/\"]}]},{\"@type\":\"BreadcrumbList\",\"@id\":\"https:\/\/prodboc.fr\/site36\/politique-de-confidentialite\/#breadcrumb\",\"itemListElement\":[{\"@type\":\"ListItem\",\"position\":1,\"name\":\"Accueil\",\"item\":\"https:\/\/prodboc.fr\/site36\/\"},{\"@type\":\"ListItem\",\"position\":2,\"name\":\"Politique de confidentialit\u00e9\"}]},{\"@type\":\"WebSite\",\"@id\":\"https:\/\/prodboc.fr\/site36\/#website\",\"url\":\"https:\/\/prodboc.fr\/site36\/\",\"name\":\"Ma\u00eetre Th\u00e9r\u00e8se Hamonou\",\"description\":\"Notaire \u00e0 Carri\u00e8res-sous-Poissy\",\"potentialAction\":[{\"@type\":\"SearchAction\",\"target\":{\"@type\":\"EntryPoint\",\"urlTemplate\":\"https:\/\/prodboc.fr\/site36\/?s={search_term_string}\"},\"query-input\":\"required name=search_term_string\"}],\"inLanguage\":\"fr-FR\"}]}<\/script>\n<!-- \/ Yoast SEO plugin. -->","yoast_head_json":{"title":"Politique de confidentialit\u00e9 - Ma\u00eetre Th\u00e9r\u00e8se Hamonou","robots":{"index":"index","follow":"follow","max-snippet":"max-snippet:-1","max-image-preview":"max-image-preview:large","max-video-preview":"max-video-preview:-1"},"canonical":"https:\/\/prodboc.fr\/site36\/politique-de-confidentialite\/","og_locale":"fr_FR","og_type":"article","og_title":"Politique de confidentialit\u00e9 - Ma\u00eetre Th\u00e9r\u00e8se Hamonou","og_description":"Politique de confidentialit\u00e91. Politique de protection des donn\u00e9es personnelles et de gestion des cookies La pr\u00e9sente politique de protection des donn\u00e9es personnelles s\u2019applique au site web et explique comment vos donn\u00e9es sont collect\u00e9es, utilis\u00e9es et quels sont vos droits s\u2019agissant du traitement de vos donn\u00e9es.Break-Out Company est Responsable des traitements des donn\u00e9es personnelles de communication [&hellip;]","og_url":"https:\/\/prodboc.fr\/site36\/politique-de-confidentialite\/","og_site_name":"Ma\u00eetre Th\u00e9r\u00e8se Hamonou","article_modified_time":"2023-01-03T16:39:50+00:00","twitter_card":"summary_large_image","twitter_misc":{"Dur\u00e9e de lecture estim\u00e9e":"7 minutes"},"schema":{"@context":"https:\/\/schema.org","@graph":[{"@type":"WebPage","@id":"https:\/\/prodboc.fr\/site36\/politique-de-confidentialite\/","url":"https:\/\/prodboc.fr\/site36\/politique-de-confidentialite\/","name":"Politique de confidentialit\u00e9 - Ma\u00eetre Th\u00e9r\u00e8se Hamonou","isPartOf":{"@id":"https:\/\/prodboc.fr\/site36\/#website"},"datePublished":"2022-09-05T14:16:28+00:00","dateModified":"2023-01-03T16:39:50+00:00","breadcrumb":{"@id":"https:\/\/prodboc.fr\/site36\/politique-de-confidentialite\/#breadcrumb"},"inLanguage":"fr-FR","potentialAction":[{"@type":"ReadAction","target":["https:\/\/prodboc.fr\/site36\/politique-de-confidentialite\/"]}]},{"@type":"BreadcrumbList","@id":"https:\/\/prodboc.fr\/site36\/politique-de-confidentialite\/#breadcrumb","itemListElement":[{"@type":"ListItem","position":1,"name":"Accueil","item":"https:\/\/prodboc.fr\/site36\/"},{"@type":"ListItem","position":2,"name":"Politique de confidentialit\u00e9"}]},{"@type":"WebSite","@id":"https:\/\/prodboc.fr\/site36\/#website","url":"https:\/\/prodboc.fr\/site36\/","name":"Ma\u00eetre Th\u00e9r\u00e8se Hamonou","description":"Notaire \u00e0 Carri\u00e8res-sous-Poissy","potentialAction":[{"@type":"SearchAction","target":{"@type":"EntryPoint","urlTemplate":"https:\/\/prodboc.fr\/site36\/?s={search_term_string}"},"query-input":"required name=search_term_string"}],"inLanguage":"fr-FR"}]}},"_links":{"self":[{"href":"https:\/\/prodboc.fr\/site36\/wp-json\/wp\/v2\/pages\/40889","targetHints":{"allow":["GET"]}}],"collection":[{"href":"https:\/\/prodboc.fr\/site36\/wp-json\/wp\/v2\/pages"}],"about":[{"href":"https:\/\/prodboc.fr\/site36\/wp-json\/wp\/v2\/types\/page"}],"author":[{"embeddable":true,"href":"https:\/\/prodboc.fr\/site36\/wp-json\/wp\/v2\/users\/1"}],"replies":[{"embeddable":true,"href":"https:\/\/prodboc.fr\/site36\/wp-json\/wp\/v2\/comments?post=40889"}],"version-history":[{"count":8,"href":"https:\/\/prodboc.fr\/site36\/wp-json\/wp\/v2\/pages\/40889\/revisions"}],"predecessor-version":[{"id":41221,"href":"https:\/\/prodboc.fr\/site36\/wp-json\/wp\/v2\/pages\/40889\/revisions\/41221"}],"wp:attachment":[{"href":"https:\/\/prodboc.fr\/site36\/wp-json\/wp\/v2\/media?parent=40889"}],"wp:term":[{"taxonomy":"dipi_cpt_category","embeddable":true,"href":"https:\/\/prodboc.fr\/site36\/wp-json\/wp\/v2\/dipi_cpt_category?post=40889"}],"curies":[{"name":"wp","href":"https:\/\/api.w.org\/{rel}","templated":true}]}}