{"id":40471,"date":"2022-06-20T19:19:09","date_gmt":"2022-06-20T17:19:09","guid":{"rendered":"https:\/\/prodboc.fr\/site36\/?page_id=40471"},"modified":"2022-11-08T16:14:01","modified_gmt":"2022-11-08T15:14:01","slug":"droit-contrats-publics-carrieres-sous-poissy","status":"publish","type":"page","link":"https:\/\/prodboc.fr\/site36\/droit-contrats-publics-carrieres-sous-poissy\/","title":{"rendered":"Droits des contrats publics \u00e0 Carri\u00e8res-sous-Poissy"},"content":{"rendered":"<p>[et_pb_section fb_built=\u00a0\u00bb1&Prime; custom_padding_last_edited=\u00a0\u00bbon|phone\u00a0\u00bb _builder_version=\u00a0\u00bb4.14.7&Prime; _module_preset=\u00a0\u00bbdefault\u00a0\u00bb use_background_color_gradient=\u00a0\u00bbon\u00a0\u00bb background_color_gradient_start=\u00a0\u00bbrgba(27,18,61,0.5)\u00a0\u00bb background_color_gradient_end=\u00a0\u00bbrgba(27,18,61,0.5)\u00a0\u00bb background_color_gradient_overlays_image=\u00a0\u00bbon\u00a0\u00bb background_image=\u00a0\u00bbhttps:\/\/prodboc.fr\/site36\/wp-content\/uploads\/2022\/03\/immobilier-achter-bien-scaled.jpg\u00a0\u00bb background_position=\u00a0\u00bbtop_center\u00a0\u00bb custom_padding=\u00a0\u00bb0px||50px||false|false\u00a0\u00bb custom_padding_tablet=\u00a0\u00bb30px||30px||false|false\u00a0\u00bb custom_padding_phone=\u00a0\u00bb50px||50px||false|false\u00a0\u00bb global_colors_info=\u00a0\u00bb{}\u00a0\u00bb][et_pb_row use_custom_gutter=\u00a0\u00bbon\u00a0\u00bb gutter_width=\u00a0\u00bb2&Prime; make_equal=\u00a0\u00bbon\u00a0\u00bb custom_padding_last_edited=\u00a0\u00bbon|phone\u00a0\u00bb _builder_version=\u00a0\u00bb4.14.7&Prime; _module_preset=\u00a0\u00bbdefault\u00a0\u00bb width=\u00a0\u00bb90%\u00a0\u00bb width_tablet=\u00a0\u00bb90%\u00a0\u00bb width_phone=\u00a0\u00bb90%\u00a0\u00bb width_last_edited=\u00a0\u00bbon|tablet\u00a0\u00bb max_width=\u00a0\u00bb1200px\u00a0\u00bb max_width_tablet=\u00a0\u00bb90%\u00a0\u00bb max_width_phone=\u00a0\u00bb90%\u00a0\u00bb max_width_last_edited=\u00a0\u00bbon|desktop\u00a0\u00bb custom_padding=\u00a0\u00bb10.6vh||10.6vh||true|false\u00a0\u00bb custom_padding_tablet=\u00a0\u00bb0vh||10px||false|false\u00a0\u00bb custom_padding_phone=\u00a0\u00bb0vh||0vh||true|false\u00a0\u00bb animation_style=\u00a0\u00bbslide\u00a0\u00bb animation_direction=\u00a0\u00bbtop\u00a0\u00bb animation_duration=\u00a0\u00bb750ms\u00a0\u00bb animation_speed_curve=\u00a0\u00bbease\u00a0\u00bb global_colors_info=\u00a0\u00bb{}\u00a0\u00bb][et_pb_column type=\u00a0\u00bb4_4&Prime; _builder_version=\u00a0\u00bb4.14.2&Prime; _module_preset=\u00a0\u00bbdefault\u00a0\u00bb global_colors_info=\u00a0\u00bb{}\u00a0\u00bb][et_pb_text _builder_version=\u00a0\u00bb4.14.7&Prime; _module_preset=\u00a0\u00bbdefault\u00a0\u00bb header_font=\u00a0\u00bbJost||||||||\u00a0\u00bb header_text_align=\u00a0\u00bbleft\u00a0\u00bb header_text_color=\u00a0\u00bb#FFFFFF\u00a0\u00bb header_font_size=\u00a0\u00bb75px\u00a0\u00bb header_line_height=\u00a0\u00bb1.2em\u00a0\u00bb custom_margin_tablet=\u00a0\u00bb\u00a0\u00bb custom_margin_phone=\u00a0\u00bb40px||||false|false\u00a0\u00bb custom_margin_last_edited=\u00a0\u00bbon|phone\u00a0\u00bb custom_padding=\u00a0\u00bb|242px||||\u00a0\u00bb custom_padding_tablet=\u00a0\u00bb|242px||||\u00a0\u00bb custom_padding_phone=\u00a0\u00bb|0px|||false|false\u00a0\u00bb custom_padding_last_edited=\u00a0\u00bbon|phone\u00a0\u00bb header_font_size_tablet=\u00a0\u00bb50px\u00a0\u00bb header_font_size_phone=\u00a0\u00bb25px\u00a0\u00bb header_font_size_last_edited=\u00a0\u00bbon|phone\u00a0\u00bb global_colors_info=\u00a0\u00bb{}\u00a0\u00bb]<\/p>\n<h1>Droits des contrats publics \u00e0 <span>Carri\u00e8res-sous-Poissy<\/span><\/h1>\n<p>[\/et_pb_text][et_pb_text _builder_version=\u00a0\u00bb4.14.7&Prime; _module_preset=\u00a0\u00bbdefault\u00a0\u00bb text_font=\u00a0\u00bbManrope||||||||\u00a0\u00bb text_text_color=\u00a0\u00bbrgba(255,255,255,0.52)\u00a0\u00bb text_font_size=\u00a0\u00bb15px\u00a0\u00bb text_line_height=\u00a0\u00bb1.8em\u00a0\u00bb max_width=\u00a0\u00bb700px\u00a0\u00bb max_width_tablet=\u00a0\u00bb518px\u00a0\u00bb max_width_phone=\u00a0\u00bb280px\u00a0\u00bb max_width_last_edited=\u00a0\u00bbon|phone\u00a0\u00bb module_alignment=\u00a0\u00bbleft\u00a0\u00bb custom_margin=\u00a0\u00bb-11px|98px|||false|false\u00a0\u00bb custom_margin_tablet=\u00a0\u00bb-30px||||false|false\u00a0\u00bb custom_margin_phone=\u00a0\u00bb-30px||||false|false\u00a0\u00bb custom_margin_last_edited=\u00a0\u00bbon|phone\u00a0\u00bb global_colors_info=\u00a0\u00bb{}\u00a0\u00bb]<\/p>\n<p class=\"p1\">Les collectivit\u00e9s territoriales sont des personnes morales de droit public. Dans leurs missions de service public, ce sont des acteurs de la commande publique. Elles concluent des contrats publics \u00e0 titre on\u00e9reux avec un ou plusieurs op\u00e9rateurs \u00e9conomiques pour r\u00e9pondre \u00e0 leurs besoins en mati\u00e8re de travaux, de fournitures ou de services. Les collectivit\u00e9s territoriales sont donc soumises au code de la commande publique (CCP) entr\u00e9 en vigueur le 1<span class=\"s1\">er <\/span>avril 2019. Ce code r\u00e9git l\u2019\u00e9laboration des contrats, de leur pr\u00e9paration \u00e0 leur ex\u00e9cution. Il pr\u00e9voit \u00e9galement des dispositifs pour r\u00e9soudre des d\u00e9saccords de mani\u00e8re rapide et non contentieuse.<\/p>\n<p class=\"p1\">Les notaires de l&rsquo;office sont l\u00e0 pour vous rendre ces contrats publics plus lisibles.<\/p>\n<p>[\/et_pb_text][et_pb_button button_url=\u00a0\u00bb@ET-DC@eyJkeW5hbWljIjp0cnVlLCJjb250ZW50IjoicG9zdF9saW5rX3VybF9wYWdlIiwic2V0dGluZ3MiOnsicG9zdF9pZCI6IjE2MyJ9fQ==@\u00a0\u00bb button_text=\u00a0\u00bbNous contacter\u00a0\u00bb _builder_version=\u00a0\u00bb4.14.7&Prime; _dynamic_attributes=\u00a0\u00bbbutton_url\u00a0\u00bb _module_preset=\u00a0\u00bbdefault\u00a0\u00bb custom_button=\u00a0\u00bbon\u00a0\u00bb button_text_size=\u00a0\u00bb14px\u00a0\u00bb button_text_color=\u00a0\u00bbgcid-96f64fd3-477a-4d0a-966b-d466b90a8e44&Prime; button_bg_color=\u00a0\u00bbgcid-6b801917-549c-40a4-868c-e090799aa039&Prime; button_border_width=\u00a0\u00bb1px\u00a0\u00bb button_border_color=\u00a0\u00bbgcid-6b801917-549c-40a4-868c-e090799aa039&Prime; button_border_radius=\u00a0\u00bb0px\u00a0\u00bb button_font=\u00a0\u00bbManrope|600|||||||\u00a0\u00bb button_use_icon=\u00a0\u00bboff\u00a0\u00bb custom_margin=\u00a0\u00bb42px||0px||false|false\u00a0\u00bb custom_padding=\u00a0\u00bb8px|22px|8px|22px|true|true\u00a0\u00bb global_colors_info=\u00a0\u00bb{%22gcid-6b801917-549c-40a4-868c-e090799aa039%22:%91%22button_bg_color%22,%22button_border_color%22,%22button_text_color__hover%22,%22button_border_color__hover%22,%22button_bg_color%22,%22button_border_color%22,%22button_text_color__hover%22,%22button_border_color__hover%22%93,%22gcid-96f64fd3-477a-4d0a-966b-d466b90a8e44%22:%91%22button_text_color%22,%22button_text_color%22%93}\u00a0\u00bb button_text_color__hover_enabled=\u00a0\u00bbon|hover\u00a0\u00bb button_text_color__hover=\u00a0\u00bb#fe6f62&Prime; button_bg_color__hover_enabled=\u00a0\u00bbon|hover\u00a0\u00bb button_bg_color__hover=\u00a0\u00bbRGBA(255,255,255,0)\u00a0\u00bb button_bg_enable_color__hover=\u00a0\u00bbon\u00a0\u00bb button_border_color__hover_enabled=\u00a0\u00bbon|hover\u00a0\u00bb button_border_color__hover=\u00a0\u00bb#fe6f62&Prime; button_letter_spacing__hover_enabled=\u00a0\u00bbon|hover\u00a0\u00bb button_letter_spacing__hover=\u00a0\u00bb0px\u00a0\u00bb][\/et_pb_button][\/et_pb_column][\/et_pb_row][\/et_pb_section][et_pb_section fb_built=\u00a0\u00bb1&Prime; _builder_version=\u00a0\u00bb4.14.7&Prime; _module_preset=\u00a0\u00bbdefault\u00a0\u00bb custom_margin=\u00a0\u00bb0px||0px||true|false\u00a0\u00bb custom_padding=\u00a0\u00bb42px||42px||true|false\u00a0\u00bb global_colors_info=\u00a0\u00bb{}\u00a0\u00bb][et_pb_row column_structure=\u00a0\u00bb1_2,1_2&Prime; _builder_version=\u00a0\u00bb4.14.7&Prime; _module_preset=\u00a0\u00bbdefault\u00a0\u00bb custom_margin=\u00a0\u00bb0px||0px||true|false\u00a0\u00bb custom_padding=\u00a0\u00bb22px||22px||true|false\u00a0\u00bb global_colors_info=\u00a0\u00bb{}\u00a0\u00bb][et_pb_column type=\u00a0\u00bb1_2&Prime; _builder_version=\u00a0\u00bb4.14.7&Prime; _module_preset=\u00a0\u00bbdefault\u00a0\u00bb background_image=\u00a0\u00bbhttps:\/\/prodboc.fr\/site36\/wp-content\/uploads\/2022\/06\/entreprise-01.png\u00a0\u00bb background_last_edited=\u00a0\u00bbon|phone\u00a0\u00bb background_position_phone=\u00a0\u00bbcenter\u00a0\u00bb global_colors_info=\u00a0\u00bb{}\u00a0\u00bb][et_pb_divider show_divider=\u00a0\u00bboff\u00a0\u00bb _builder_version=\u00a0\u00bb4.14.7&Prime; _module_preset=\u00a0\u00bbdefault\u00a0\u00bb locked=\u00a0\u00bboff\u00a0\u00bb global_colors_info=\u00a0\u00bb{}\u00a0\u00bb][\/et_pb_divider][et_pb_divider show_divider=\u00a0\u00bboff\u00a0\u00bb _builder_version=\u00a0\u00bb4.14.7&Prime; _module_preset=\u00a0\u00bbdefault\u00a0\u00bb locked=\u00a0\u00bboff\u00a0\u00bb global_colors_info=\u00a0\u00bb{}\u00a0\u00bb][\/et_pb_divider][et_pb_divider show_divider=\u00a0\u00bboff\u00a0\u00bb _builder_version=\u00a0\u00bb4.14.7&Prime; _module_preset=\u00a0\u00bbdefault\u00a0\u00bb locked=\u00a0\u00bboff\u00a0\u00bb global_colors_info=\u00a0\u00bb{}\u00a0\u00bb][\/et_pb_divider][et_pb_divider show_divider=\u00a0\u00bboff\u00a0\u00bb _builder_version=\u00a0\u00bb4.14.7&Prime; _module_preset=\u00a0\u00bbdefault\u00a0\u00bb locked=\u00a0\u00bboff\u00a0\u00bb global_colors_info=\u00a0\u00bb{}\u00a0\u00bb][\/et_pb_divider][et_pb_divider show_divider=\u00a0\u00bboff\u00a0\u00bb _builder_version=\u00a0\u00bb4.14.7&Prime; _module_preset=\u00a0\u00bbdefault\u00a0\u00bb locked=\u00a0\u00bboff\u00a0\u00bb global_colors_info=\u00a0\u00bb{}\u00a0\u00bb][\/et_pb_divider][et_pb_divider show_divider=\u00a0\u00bboff\u00a0\u00bb _builder_version=\u00a0\u00bb4.14.7&Prime; _module_preset=\u00a0\u00bbdefault\u00a0\u00bb locked=\u00a0\u00bboff\u00a0\u00bb global_colors_info=\u00a0\u00bb{}\u00a0\u00bb][\/et_pb_divider][et_pb_divider show_divider=\u00a0\u00bboff\u00a0\u00bb _builder_version=\u00a0\u00bb4.14.7&Prime; _module_preset=\u00a0\u00bbdefault\u00a0\u00bb locked=\u00a0\u00bboff\u00a0\u00bb global_colors_info=\u00a0\u00bb{}\u00a0\u00bb][\/et_pb_divider][et_pb_divider show_divider=\u00a0\u00bboff\u00a0\u00bb _builder_version=\u00a0\u00bb4.14.7&Prime; _module_preset=\u00a0\u00bbdefault\u00a0\u00bb locked=\u00a0\u00bboff\u00a0\u00bb global_colors_info=\u00a0\u00bb{}\u00a0\u00bb][\/et_pb_divider][et_pb_divider show_divider=\u00a0\u00bboff\u00a0\u00bb _builder_version=\u00a0\u00bb4.14.7&Prime; _module_preset=\u00a0\u00bbdefault\u00a0\u00bb locked=\u00a0\u00bboff\u00a0\u00bb global_colors_info=\u00a0\u00bb{}\u00a0\u00bb][\/et_pb_divider][et_pb_divider show_divider=\u00a0\u00bboff\u00a0\u00bb _builder_version=\u00a0\u00bb4.14.7&Prime; _module_preset=\u00a0\u00bbdefault\u00a0\u00bb locked=\u00a0\u00bboff\u00a0\u00bb global_colors_info=\u00a0\u00bb{}\u00a0\u00bb][\/et_pb_divider][et_pb_divider show_divider=\u00a0\u00bboff\u00a0\u00bb _builder_version=\u00a0\u00bb4.14.7&Prime; _module_preset=\u00a0\u00bbdefault\u00a0\u00bb locked=\u00a0\u00bboff\u00a0\u00bb global_colors_info=\u00a0\u00bb{}\u00a0\u00bb][\/et_pb_divider][et_pb_divider show_divider=\u00a0\u00bboff\u00a0\u00bb _builder_version=\u00a0\u00bb4.14.7&Prime; _module_preset=\u00a0\u00bbdefault\u00a0\u00bb locked=\u00a0\u00bboff\u00a0\u00bb global_colors_info=\u00a0\u00bb{}\u00a0\u00bb][\/et_pb_divider][et_pb_divider show_divider=\u00a0\u00bboff\u00a0\u00bb _builder_version=\u00a0\u00bb4.14.7&Prime; _module_preset=\u00a0\u00bbdefault\u00a0\u00bb locked=\u00a0\u00bboff\u00a0\u00bb global_colors_info=\u00a0\u00bb{}\u00a0\u00bb][\/et_pb_divider][et_pb_divider show_divider=\u00a0\u00bboff\u00a0\u00bb _builder_version=\u00a0\u00bb4.14.7&Prime; _module_preset=\u00a0\u00bbdefault\u00a0\u00bb locked=\u00a0\u00bboff\u00a0\u00bb global_colors_info=\u00a0\u00bb{}\u00a0\u00bb][\/et_pb_divider][et_pb_divider show_divider=\u00a0\u00bboff\u00a0\u00bb _builder_version=\u00a0\u00bb4.14.7&Prime; _module_preset=\u00a0\u00bbdefault\u00a0\u00bb locked=\u00a0\u00bboff\u00a0\u00bb global_colors_info=\u00a0\u00bb{}\u00a0\u00bb][\/et_pb_divider][et_pb_divider show_divider=\u00a0\u00bboff\u00a0\u00bb _builder_version=\u00a0\u00bb4.14.7&Prime; _module_preset=\u00a0\u00bbdefault\u00a0\u00bb locked=\u00a0\u00bboff\u00a0\u00bb global_colors_info=\u00a0\u00bb{}\u00a0\u00bb][\/et_pb_divider][et_pb_divider show_divider=\u00a0\u00bboff\u00a0\u00bb _builder_version=\u00a0\u00bb4.14.7&Prime; _module_preset=\u00a0\u00bbdefault\u00a0\u00bb locked=\u00a0\u00bboff\u00a0\u00bb global_colors_info=\u00a0\u00bb{}\u00a0\u00bb][\/et_pb_divider][et_pb_divider show_divider=\u00a0\u00bboff\u00a0\u00bb _builder_version=\u00a0\u00bb4.14.7&Prime; _module_preset=\u00a0\u00bbdefault\u00a0\u00bb locked=\u00a0\u00bboff\u00a0\u00bb global_colors_info=\u00a0\u00bb{}\u00a0\u00bb][\/et_pb_divider][et_pb_divider show_divider=\u00a0\u00bboff\u00a0\u00bb _builder_version=\u00a0\u00bb4.14.7&Prime; _module_preset=\u00a0\u00bbdefault\u00a0\u00bb locked=\u00a0\u00bboff\u00a0\u00bb global_colors_info=\u00a0\u00bb{}\u00a0\u00bb][\/et_pb_divider][et_pb_divider show_divider=\u00a0\u00bboff\u00a0\u00bb _builder_version=\u00a0\u00bb4.14.7&Prime; _module_preset=\u00a0\u00bbdefault\u00a0\u00bb locked=\u00a0\u00bboff\u00a0\u00bb global_colors_info=\u00a0\u00bb{}\u00a0\u00bb][\/et_pb_divider][et_pb_divider show_divider=\u00a0\u00bboff\u00a0\u00bb _builder_version=\u00a0\u00bb4.14.7&Prime; _module_preset=\u00a0\u00bbdefault\u00a0\u00bb locked=\u00a0\u00bboff\u00a0\u00bb global_colors_info=\u00a0\u00bb{}\u00a0\u00bb][\/et_pb_divider][et_pb_divider show_divider=\u00a0\u00bboff\u00a0\u00bb _builder_version=\u00a0\u00bb4.14.7&Prime; _module_preset=\u00a0\u00bbdefault\u00a0\u00bb locked=\u00a0\u00bboff\u00a0\u00bb global_colors_info=\u00a0\u00bb{}\u00a0\u00bb][\/et_pb_divider][et_pb_divider show_divider=\u00a0\u00bboff\u00a0\u00bb _builder_version=\u00a0\u00bb4.14.7&Prime; _module_preset=\u00a0\u00bbdefault\u00a0\u00bb locked=\u00a0\u00bboff\u00a0\u00bb global_colors_info=\u00a0\u00bb{}\u00a0\u00bb][\/et_pb_divider][et_pb_divider show_divider=\u00a0\u00bboff\u00a0\u00bb _builder_version=\u00a0\u00bb4.14.7&Prime; _module_preset=\u00a0\u00bbdefault\u00a0\u00bb locked=\u00a0\u00bboff\u00a0\u00bb global_colors_info=\u00a0\u00bb{}\u00a0\u00bb][\/et_pb_divider][et_pb_divider show_divider=\u00a0\u00bboff\u00a0\u00bb _builder_version=\u00a0\u00bb4.14.7&Prime; _module_preset=\u00a0\u00bbdefault\u00a0\u00bb locked=\u00a0\u00bboff\u00a0\u00bb global_colors_info=\u00a0\u00bb{}\u00a0\u00bb][\/et_pb_divider][et_pb_divider show_divider=\u00a0\u00bboff\u00a0\u00bb _builder_version=\u00a0\u00bb4.14.7&Prime; _module_preset=\u00a0\u00bbdefault\u00a0\u00bb locked=\u00a0\u00bboff\u00a0\u00bb global_colors_info=\u00a0\u00bb{}\u00a0\u00bb][\/et_pb_divider][et_pb_divider show_divider=\u00a0\u00bboff\u00a0\u00bb _builder_version=\u00a0\u00bb4.14.7&Prime; _module_preset=\u00a0\u00bbdefault\u00a0\u00bb locked=\u00a0\u00bboff\u00a0\u00bb global_colors_info=\u00a0\u00bb{}\u00a0\u00bb][\/et_pb_divider][\/et_pb_column][et_pb_column type=\u00a0\u00bb1_2&Prime; _builder_version=\u00a0\u00bb4.14.7&Prime; _module_preset=\u00a0\u00bbdefault\u00a0\u00bb global_colors_info=\u00a0\u00bb{}\u00a0\u00bb][et_pb_text _builder_version=\u00a0\u00bb4.14.7&Prime; header_2_font=\u00a0\u00bbJost||||||||\u00a0\u00bb header_2_font_size=\u00a0\u00bb42px\u00a0\u00bb header_2_line_height=\u00a0\u00bb1.2em\u00a0\u00bb header_3_font=\u00a0\u00bbIM Fell French Canon||||||||\u00a0\u00bb header_3_text_align=\u00a0\u00bbleft\u00a0\u00bb header_3_text_color=\u00a0\u00bb#303649&Prime; header_3_font_size=\u00a0\u00bb50px\u00a0\u00bb custom_margin=\u00a0\u00bb0px|-40px|42px||false|false\u00a0\u00bb custom_margin_tablet=\u00a0\u00bb-12px||||false|false\u00a0\u00bb custom_margin_phone=\u00a0\u00bb-16px||||false|false\u00a0\u00bb custom_margin_last_edited=\u00a0\u00bbon|phone\u00a0\u00bb custom_padding=\u00a0\u00bb0px||0px||true|false\u00a0\u00bb header_3_font_size_tablet=\u00a0\u00bb40px\u00a0\u00bb header_3_font_size_phone=\u00a0\u00bb25px\u00a0\u00bb header_3_font_size_last_edited=\u00a0\u00bbon|phone\u00a0\u00bb global_colors_info=\u00a0\u00bb{}\u00a0\u00bb]<\/p>\n<h2>Les diff\u00e9rents types de contrats publics \u00e0 <span>Carri\u00e8res-sous-Poissy<\/span><\/h2>\n<p>[\/et_pb_text][et_pb_text _builder_version=\u00a0\u00bb4.14.7&Prime; text_font=\u00a0\u00bbManrope|300|||||||\u00a0\u00bb text_text_color=\u00a0\u00bb#303649&Prime; text_font_size=\u00a0\u00bb15px\u00a0\u00bb text_line_height=\u00a0\u00bb1.6em\u00a0\u00bb text_orientation=\u00a0\u00bbjustified\u00a0\u00bb custom_margin=\u00a0\u00bb0px||0px||true|false\u00a0\u00bb custom_margin_tablet=\u00a0\u00bb-25px||||false|false\u00a0\u00bb custom_margin_phone=\u00a0\u00bb-25px||||false|false\u00a0\u00bb custom_margin_last_edited=\u00a0\u00bbon|phone\u00a0\u00bb custom_padding=\u00a0\u00bb0px||0px||true|false\u00a0\u00bb locked=\u00a0\u00bboff\u00a0\u00bb global_colors_info=\u00a0\u00bb{}\u00a0\u00bb]<\/p>\n<p class=\"p1\" style=\"text-align: left;\">Il existe plusieurs types de contrats publics. Les principaux contrats sont les march\u00e9s publics, les contrats de concession et les contrats de partenariat public-priv\u00e9. Ces contrats se divisent aussi en plusieurs types : on distingue par exemple la concession de travaux et la concession de services. Chaque contrat est sp\u00e9cifique : dans un march\u00e9 public, la prestation est financ\u00e9e par le pouvoir public alors que dans une concession, le b\u00e9n\u00e9ficiaire se r\u00e9mun\u00e8re en partie par l\u2019exploitation du service. Pour respecter les r\u00e8gles de la commande publique, veuillez contacter les Notaires de l&rsquo;office.<\/p>\n<p class=\"p1\" style=\"text-align: left;\">Ces derni\u00e8res ann\u00e9es, pour mobiliser des moyens financiers, pour conjuguer diff\u00e9renciation territoriale et coh\u00e9sion des territoires, pour accompagner les transitions \u00e9cologiques, num\u00e9riques, productives, d\u00e9mographiques\u2026 l\u2019Etat et les collectivit\u00e9s territoriales se rapprochent. Tout un nouveau dispositif contractuel est mis en place : contrat de ville, contrat de ruralit\u00e9, contrat de plan interr\u00e9gional Etat-R\u00e9gion (CPIER), contrat de plan Etat-R\u00e9gion (CPER), contrat de relance et de transition \u00e9cologique (CRTE).<span class=\"Apple-converted-space\">\u00a0 \u00a0<\/span><\/p>\n<p>[\/et_pb_text][\/et_pb_column][\/et_pb_row][\/et_pb_section]<\/p>\n","protected":false},"excerpt":{"rendered":"<p>Droits des contrats publics \u00e0 Carri\u00e8res-sous-PoissyLes collectivit\u00e9s territoriales sont des personnes morales de droit public. Dans leurs missions de service public, ce sont des acteurs de la commande publique. Elles concluent des contrats publics \u00e0 titre on\u00e9reux avec un ou plusieurs op\u00e9rateurs \u00e9conomiques pour r\u00e9pondre \u00e0 leurs besoins en mati\u00e8re de travaux, de fournitures ou [&hellip;]<\/p>\n","protected":false},"author":1,"featured_media":40650,"parent":0,"menu_order":0,"comment_status":"closed","ping_status":"closed","template":"","meta":{"_et_pb_use_builder":"on","_et_pb_old_content":"","_et_gb_content_width":"","footnotes":""},"dipi_cpt_category":[],"class_list":["post-40471","page","type-page","status-publish","has-post-thumbnail","hentry"],"yoast_head":"<!-- This site is optimized with the Yoast SEO plugin v20.8 - https:\/\/yoast.com\/wordpress\/plugins\/seo\/ -->\n<title>Droits des contrats publics \u00e0 Carri\u00e8res-sous-Poissy - Ma\u00eetre Th\u00e9r\u00e8se Hamonou<\/title>\n<meta name=\"description\" content=\"Les collectivit\u00e9s territoriales concluent, dans leurs missions de services publics, des contrats publics \u00e0 titre on\u00e9reux avec un...\" \/>\n<meta name=\"robots\" content=\"index, follow, max-snippet:-1, max-image-preview:large, max-video-preview:-1\" \/>\n<link rel=\"canonical\" href=\"https:\/\/prodboc.fr\/site36\/droit-contrats-publics-carrieres-sous-poissy\/\" \/>\n<meta property=\"og:locale\" content=\"fr_FR\" \/>\n<meta property=\"og:type\" content=\"article\" \/>\n<meta property=\"og:title\" content=\"Droits des contrats publics \u00e0 Carri\u00e8res-sous-Poissy - Ma\u00eetre Th\u00e9r\u00e8se Hamonou\" \/>\n<meta property=\"og:description\" content=\"Les collectivit\u00e9s territoriales concluent, dans leurs missions de services publics, des contrats publics \u00e0 titre on\u00e9reux avec un...\" \/>\n<meta property=\"og:url\" content=\"https:\/\/prodboc.fr\/site36\/droit-contrats-publics-carrieres-sous-poissy\/\" \/>\n<meta property=\"og:site_name\" content=\"Ma\u00eetre Th\u00e9r\u00e8se Hamonou\" \/>\n<meta property=\"article:modified_time\" content=\"2022-11-08T15:14:01+00:00\" \/>\n<meta property=\"og:image\" content=\"https:\/\/prodboc.fr\/site36\/wp-content\/uploads\/2022\/06\/entreprise-01.png\" \/>\n\t<meta property=\"og:image:width\" content=\"378\" \/>\n\t<meta property=\"og:image:height\" content=\"377\" \/>\n\t<meta property=\"og:image:type\" content=\"image\/png\" \/>\n<meta name=\"twitter:card\" content=\"summary_large_image\" \/>\n<meta name=\"twitter:label1\" content=\"Dur\u00e9e de lecture estim\u00e9e\" \/>\n\t<meta name=\"twitter:data1\" content=\"8 minutes\" \/>\n<script type=\"application\/ld+json\" class=\"yoast-schema-graph\">{\"@context\":\"https:\/\/schema.org\",\"@graph\":[{\"@type\":\"WebPage\",\"@id\":\"https:\/\/prodboc.fr\/site36\/droit-contrats-publics-carrieres-sous-poissy\/\",\"url\":\"https:\/\/prodboc.fr\/site36\/droit-contrats-publics-carrieres-sous-poissy\/\",\"name\":\"Droits des contrats publics \u00e0 Carri\u00e8res-sous-Poissy - Ma\u00eetre Th\u00e9r\u00e8se Hamonou\",\"isPartOf\":{\"@id\":\"https:\/\/prodboc.fr\/site36\/#website\"},\"datePublished\":\"2022-06-20T17:19:09+00:00\",\"dateModified\":\"2022-11-08T15:14:01+00:00\",\"description\":\"Les collectivit\u00e9s territoriales concluent, dans leurs missions de services publics, des contrats publics \u00e0 titre on\u00e9reux avec un...\",\"breadcrumb\":{\"@id\":\"https:\/\/prodboc.fr\/site36\/droit-contrats-publics-carrieres-sous-poissy\/#breadcrumb\"},\"inLanguage\":\"fr-FR\",\"potentialAction\":[{\"@type\":\"ReadAction\",\"target\":[\"https:\/\/prodboc.fr\/site36\/droit-contrats-publics-carrieres-sous-poissy\/\"]}]},{\"@type\":\"BreadcrumbList\",\"@id\":\"https:\/\/prodboc.fr\/site36\/droit-contrats-publics-carrieres-sous-poissy\/#breadcrumb\",\"itemListElement\":[{\"@type\":\"ListItem\",\"position\":1,\"name\":\"Accueil\",\"item\":\"https:\/\/prodboc.fr\/site36\/\"},{\"@type\":\"ListItem\",\"position\":2,\"name\":\"Droits des contrats publics \u00e0 Carri\u00e8res-sous-Poissy\"}]},{\"@type\":\"WebSite\",\"@id\":\"https:\/\/prodboc.fr\/site36\/#website\",\"url\":\"https:\/\/prodboc.fr\/site36\/\",\"name\":\"Ma\u00eetre Th\u00e9r\u00e8se Hamonou\",\"description\":\"Notaire \u00e0 Carri\u00e8res-sous-Poissy\",\"potentialAction\":[{\"@type\":\"SearchAction\",\"target\":{\"@type\":\"EntryPoint\",\"urlTemplate\":\"https:\/\/prodboc.fr\/site36\/?s={search_term_string}\"},\"query-input\":\"required name=search_term_string\"}],\"inLanguage\":\"fr-FR\"}]}<\/script>\n<!-- \/ Yoast SEO plugin. -->","yoast_head_json":{"title":"Droits des contrats publics \u00e0 Carri\u00e8res-sous-Poissy - Ma\u00eetre Th\u00e9r\u00e8se Hamonou","description":"Les collectivit\u00e9s territoriales concluent, dans leurs missions de services publics, des contrats publics \u00e0 titre on\u00e9reux avec un...","robots":{"index":"index","follow":"follow","max-snippet":"max-snippet:-1","max-image-preview":"max-image-preview:large","max-video-preview":"max-video-preview:-1"},"canonical":"https:\/\/prodboc.fr\/site36\/droit-contrats-publics-carrieres-sous-poissy\/","og_locale":"fr_FR","og_type":"article","og_title":"Droits des contrats publics \u00e0 Carri\u00e8res-sous-Poissy - Ma\u00eetre Th\u00e9r\u00e8se Hamonou","og_description":"Les collectivit\u00e9s territoriales concluent, dans leurs missions de services publics, des contrats publics \u00e0 titre on\u00e9reux avec un...","og_url":"https:\/\/prodboc.fr\/site36\/droit-contrats-publics-carrieres-sous-poissy\/","og_site_name":"Ma\u00eetre Th\u00e9r\u00e8se Hamonou","article_modified_time":"2022-11-08T15:14:01+00:00","og_image":[{"width":378,"height":377,"url":"https:\/\/prodboc.fr\/site36\/wp-content\/uploads\/2022\/06\/entreprise-01.png","type":"image\/png"}],"twitter_card":"summary_large_image","twitter_misc":{"Dur\u00e9e de lecture estim\u00e9e":"8 minutes"},"schema":{"@context":"https:\/\/schema.org","@graph":[{"@type":"WebPage","@id":"https:\/\/prodboc.fr\/site36\/droit-contrats-publics-carrieres-sous-poissy\/","url":"https:\/\/prodboc.fr\/site36\/droit-contrats-publics-carrieres-sous-poissy\/","name":"Droits des contrats publics \u00e0 Carri\u00e8res-sous-Poissy - Ma\u00eetre Th\u00e9r\u00e8se Hamonou","isPartOf":{"@id":"https:\/\/prodboc.fr\/site36\/#website"},"datePublished":"2022-06-20T17:19:09+00:00","dateModified":"2022-11-08T15:14:01+00:00","description":"Les collectivit\u00e9s territoriales concluent, dans leurs missions de services publics, des contrats publics \u00e0 titre on\u00e9reux avec un...","breadcrumb":{"@id":"https:\/\/prodboc.fr\/site36\/droit-contrats-publics-carrieres-sous-poissy\/#breadcrumb"},"inLanguage":"fr-FR","potentialAction":[{"@type":"ReadAction","target":["https:\/\/prodboc.fr\/site36\/droit-contrats-publics-carrieres-sous-poissy\/"]}]},{"@type":"BreadcrumbList","@id":"https:\/\/prodboc.fr\/site36\/droit-contrats-publics-carrieres-sous-poissy\/#breadcrumb","itemListElement":[{"@type":"ListItem","position":1,"name":"Accueil","item":"https:\/\/prodboc.fr\/site36\/"},{"@type":"ListItem","position":2,"name":"Droits des contrats publics \u00e0 Carri\u00e8res-sous-Poissy"}]},{"@type":"WebSite","@id":"https:\/\/prodboc.fr\/site36\/#website","url":"https:\/\/prodboc.fr\/site36\/","name":"Ma\u00eetre Th\u00e9r\u00e8se Hamonou","description":"Notaire \u00e0 Carri\u00e8res-sous-Poissy","potentialAction":[{"@type":"SearchAction","target":{"@type":"EntryPoint","urlTemplate":"https:\/\/prodboc.fr\/site36\/?s={search_term_string}"},"query-input":"required name=search_term_string"}],"inLanguage":"fr-FR"}]}},"_links":{"self":[{"href":"https:\/\/prodboc.fr\/site36\/wp-json\/wp\/v2\/pages\/40471","targetHints":{"allow":["GET"]}}],"collection":[{"href":"https:\/\/prodboc.fr\/site36\/wp-json\/wp\/v2\/pages"}],"about":[{"href":"https:\/\/prodboc.fr\/site36\/wp-json\/wp\/v2\/types\/page"}],"author":[{"embeddable":true,"href":"https:\/\/prodboc.fr\/site36\/wp-json\/wp\/v2\/users\/1"}],"replies":[{"embeddable":true,"href":"https:\/\/prodboc.fr\/site36\/wp-json\/wp\/v2\/comments?post=40471"}],"version-history":[{"count":14,"href":"https:\/\/prodboc.fr\/site36\/wp-json\/wp\/v2\/pages\/40471\/revisions"}],"predecessor-version":[{"id":41210,"href":"https:\/\/prodboc.fr\/site36\/wp-json\/wp\/v2\/pages\/40471\/revisions\/41210"}],"wp:featuredmedia":[{"embeddable":true,"href":"https:\/\/prodboc.fr\/site36\/wp-json\/wp\/v2\/media\/40650"}],"wp:attachment":[{"href":"https:\/\/prodboc.fr\/site36\/wp-json\/wp\/v2\/media?parent=40471"}],"wp:term":[{"taxonomy":"dipi_cpt_category","embeddable":true,"href":"https:\/\/prodboc.fr\/site36\/wp-json\/wp\/v2\/dipi_cpt_category?post=40471"}],"curies":[{"name":"wp","href":"https:\/\/api.w.org\/{rel}","templated":true}]}}